. What is d(f)?
2
Suppose -4*v = 1 - 13. Let g(n) = -4*n**v - 4*n + n**3 + 5*n**3 - 3 + 0. Suppose -3*l + 4*l = -4*s - 14, -s = -l + 1. Calculate g(l).
-11
Let w(u) = 7*u**3 - u**2 + 1. Let x(y) = -7*y**3 + y**2 - 1. Let d(m) = 5*w(m) + 6*x(m). Calculate d(1).
-7
Let x be 0/5 + (0 - 11). Let c(i) = -i**2 - 10*i + 11. Let g be c(x). Let v(m) = m**3 - m**2 - 2. Give v(g).
-2
Suppose -3*s = -8*s + t + 26, -2*t = -5*s + 27. Let m be (-2)/s + 39/(-15). Let l(w) = w**3 + 4*w**2 + 2*w - 2. Give l(m).
1
Let j(c) = c**3 + 8*c**2 - 10*c - 9. Let v be j(-9). Let f(k) = 11*k**3 + 15*k + 14. Let m(i) = 5*i**3 + 7*i + 7. Let g(y) = 6*f(y) - 13*m(y). Give g(v).
-7
Let f(u) be the third derivative of 7*u**4/24 - 8*u**2. Determine f(-2).
-14
Suppose -5*o + 19 = -4*b, 3*b + 2*b - 2*o + 11 = 0. Let f(r) = 11*r**3 - r**2 + 1. What is f(b)?
-11
Let f(k) = -k. Let j(h) = -20*h + 1. Let s(u) = -5*f(u) + j(u). What is s(-1)?
16
Let l(f) = -18 + 47 + 4*f - 17 - 14. Calculate l(4).
14
Let g(q) = -q**2 - q - 2. Let s be g(0). Let j be 6 + -1 + 1 + s. Suppose 0 = -4*l - 5*h + 20, l = 3*h - 4*h + j. Let w(n) = n**2. What is w(l)?
0
Let a = 13 - 13. Let b(r) = 10 + a*r + 0*r - r - 13. Calculate b(3).
-6
Let o(q) = q. Let u(v) = -3*v - 3. Let i(n) = -4*o(n) - u(n). Calculate i(8).
-5
Let c(o) = o**2 - 1. Let a(s) = -5*s**2 - 3*s + 6. Let d(l) = -a(l) - 4*c(l). Give d(-2).
-4
Let m(j) be the second derivative of -j**5/20 + j**4/6 - j**3/6 + j**2 + 4*j. Suppose o + 4*o - 30 = 0. Let t = -4 + o. Determine m(t).
0
Let w(h) = h**2 - 6*h + 7. Let t be w(5). Suppose y + 3*b - b = -1, -3*y + t*b = -13. Let n(r) = r**2 + 3*r + r**2 - 2*r**y - 4*r. Determine n(2).
-10
Let m(d) = 2*d + 3. Let c be m(-2). Let u(z) = -z**3 + 6*z**2 + z - 5. Let y(t) = 4 + 3 - 7 + 1. Let l(f) = c*u(f) - 6*y(f). Give l(6).
-7
Let i(q) = -3*q. Suppose -2*d = -5*a + 17, -d = a - 2*a + 7. Let b = -2 - d. What is i(b)?
-12
Let i(h) = -h**3 + h**2 - h + 7. Let v(r) = r**3 - 11*r**2 + 11*r + 2. Let u be v(10). Let t = 10 - u. Let f be t/8 + (-3)/(-12). What is i(f)?
7
Let w(a) = 6*a**2 - a**2 + 1 - 3*a**2 - 2*a + 0*a**2 - 7*a**3. Let h = -2 - -3. Give w(h).
-6
Suppose 2*m - 4*l + 4 = 0, 3*m - 2*l + 6 = 2*l. Let b(h) = 2*h**2 - 1. Calculate b(m).
7
Let p(q) = -q**3 + 5*q**2 - 5*q + 7. Suppose -4*d = -4*f + 4, -2*f - 3*d + 14 = -2*d. Determine p(f).
-18
Let g(z) = -2*z. Suppose -b + 4*b - 13 = -x, 0 = 5*b + 5*x - 5. Give g(b).
-12
Let c(v) = -2*v - 8. Let d = 13 - 19. Give c(d).
4
Let p(w) = w**3 + 3*w**2 - 6*w - 6. Suppose -3*j + 4*z = 18, 2*j = -3*j + 2*z - 16. Let h be 14/(-2) - (j + -1). Calculate p(h).
2
Let l(j) = 4*j - 3. Let h be l(2). Let w(b) = h*b**3 + 0*b**3 - 6*b**3 + b + b**2 - 2*b. What is w(1)?
-1
Let d(l) = -2*l. Suppose -5*k + 21 = 11. Calculate d(k).
-4
Let u(c) be the first derivative of -c**4/4 + c**3/3 - 17*c + 3. Calculate u(0).
-17
Let o(m) = -2*m**2 + 4*m. Let v(c) = 7*c + 1 + c**2 + 0*c**2 + 2. Suppose -b + 7 = -2*b. Let s be v(b). Determine o(s).
-6
Let s(m) = 3*m + 4. Let d(v) = -7*v - 8. Let j(q) = -2*d(q) - 5*s(q). Suppose 0 = r - 5*r. What is j(r)?
-4
Let d(c) = -5*c**3 - 4*c**2 - 10*c. Let t(r) = 3*r**3 + 3*r**2 + 7*r. Let w(s) = -5*d(s) - 8*t(s). Let y = 0 + 5. Calculate w(y).
-5
Suppose 6*t - 11 = 2*a + 3*t, 3*a + 3*t = 6. Let c(r) = -3*r**2 - r - 1. Determine c(a).
-3
Let y(k) = -k**2 - 4*k + 3. Suppose 4*r - 6 = -8*f + 3*f, f = -3*r + 10. Suppose -3*b + 6 = 0, -r*z + 2*b - 6*b = -8. Suppose z = -0*h + 4*h + 20. What is y(h)?
-2
Let r(c) = 11*c - 18. Let k(o) = -5*o + 9. Let q(u) = -9*k(u) - 4*r(u). Give q(4).
-5
Let i(b) be the second derivative of -b**5/20 - b**4/6 - b**3/3 - b**2 - 3*b. What is i(-2)?
2
Suppose -3*c - 15 = -3*u, u + 20 = -4*c + 2*u. Let d(o) = o**3 - 8*o**2 + o - 5. Let m be d(8). Let z(r) = -r + 2*r - 4 - m*r + r. Calculate z(c).
1
Let z = -20 + 30. Let a(g) = -3*g + 3*g**2 + z*g**3 - g - 9*g**3 + 5*g. What is a(-3)?
-3
Let x(c) = 6*c**2 - 4*c. Let p(n) = 7*n**2 - 5*n. Let t(j) = 3*p(j) - 4*x(j). Let f be (-60)/35 + 4/(-14). Give t(f).
-14
Let o(z) = 4*z**2 - 1. Suppose 0 = -c + 2 + 2. Let n = -3 + c. Let h be 2/2*(0 - n). Determine o(h).
3
Let w(a) = -a**3 + 6*a**2 - 6*a + 6. Suppose 0 = 2*n - 6 - 0. Suppose n*f - 4*f = 0. Suppose f = 5*b - b - 20. Calculate w(b).
1
Suppose -5*x - 2*o + 4 + 1 = 0, 3*o - 15 = 0. Let q = x - -5. Let p(k) = k**3 + q + 2*k**2 + k**2 - 2*k**3 + 3*k**2 - 7*k. What is p(4)?
8
Let h be (-18 + 23)*(1 + 0). Let k(n) be the third derivative of 0 + 0*n**3 + 0*n + 1/24*n**4 + 1/60*n**h - n**2. Determine k(2).
6
Let h(d) = -1 - 63*d**2 + 36*d**2 + 28*d**2 + 2*d - 5*d. Calculate h(6).
17
Let d(w) = -5*w + 1. Let i(s) be the first derivative of s**4/4 - 5*s**3/3 + 2*s**2 + 2*s - 4. Let p be i(4). Calculate d(p).
-9
Let n(y) = -1 + 1 + 5*y + 3. Suppose -3*m - 2*p = -32, 4*m + p - 2*p - 28 = 0. Let l(d) = -d + 5. Let r be l(m). Give n(r).
-12
Let m(r) = 5*r**3 + 7*r**2 - 5*r - 23. Suppose 3 = t, -4*t = -4*g - 0*t + 16. Let i(x) = 3*x**3 + 3*x**2 - 2*x - 12. Let s(d) = g*i(d) - 4*m(d). Determine s(6).
8
Let h(t) = t**3 - t**2 - 4*t + 4. Let n(o) = -o**3 + 12*o**2 - o + 15. Let f(y) = -y. Let g be f(-12). Let j be n(g). Calculate h(j).
10
Let v(n) = -5*n**2 + n - 1. Let t = -9 + 10. Determine v(t).
-5
Suppose 0 = -4*r + 9*r - 5*p + 30, -4*r - 2*p + 6 = 0. Let w(h) = -7*h**3 + h**2 + h. Give w(r).
7
Let s be 26/16 + (-39)/(-104). Let x(w) = -4*w - 2. Calculate x(s).
-10
Let k = 21 + -29. Let a be 2/k + (-27)/(-12). Let y(x) = -2 - x**2 + a + 2*x**2 - x + x**3. What is y(0)?
0
Let n(d) be the second derivative of 1/720*d**6 + 0 - 1/60*d**5 + 1/6*d**4 + 0*d**2 + 0*d**3 + 2*d. Let c(y) be the third derivative of n(y). What is c(-4)?
-6
Let y(t) = 2*t - 6. Let v be y(4). Suppose 0*f + f + 5 = 0, 8 = v*w - 2*f. Let d(r) = 3*r. Determine d(w).
-3
Let q = -7 - -10. Let k(p) = 2*p + q - 2*p**2 - 2*p + 2*p. Give k(3).
-9
Let n(d) = 10*d**3 + 2*d**2 + d. Let h = -196 + 195. Calculate n(h).
-9
Let n(f) = 10 - 7 - 6*f**2 + 3 + 2*f - f**3. Give n(-6).
-6
Let m(w) = 23*w - 44*w + 5 + w**2 + 16*w. Calculate m(4).
1
Suppose 4*l - 37 = -x, 3*x + 0 = 3. Let f(c) = -14 + 5*c**2 + 3*c + 5 + l + c**3 + 7. Calculate f(-5).
-8
Let i be (((-128)/40)/4)/((-2)/5). Let r(o) = 2*o. Determine r(i).
4
Let k(d) = -d**3 + 4*d + 3. Let t = -115 - -193. Suppose 2*j = 3*g - 60, 4*g - 2*j + 0 = t. Suppose 5 - 15 = -2*f, 0 = m + 4*f - g. What is k(m)?
3
Let d(t) = -3*t**3 + 6*t**2 - 5*t + 6. Let l(x) = 16*x**3 - 31*x**2 + 25*x - 31. Let f(u) = -11*d(u) - 2*l(u). Calculate f(3).
2
Let o = 2 + 1. Let q be (-22)/(-6) + o/9. Suppose -q*k - 8 = -28. Let u(d) = -d**2 + 6*d - 1. Calculate u(k).
4
Let z(a) be the first derivative of 18*a**2 + 26*a - 3. Let f(j) = 7*j + 5. Let v(d) = 16*f(d) - 3*z(d). Calculate v(-2).
-6
Suppose -4*u = w + 14, w = -3*u - 2*w - 6. Let y = 2 + -9. Let d(a) = a**2 + 4*a + 8. Let s(c) = 2*c**2 + 8*c + 15. Let r(b) = y*d(b) + 4*s(b). Calculate r(u).
4
Let y(j) be the second derivative of 1/12*j**4 - 5/6*j**3 - 3*j + 0 - 1/2*j**2. What is y(5)?
-1
Let c(g) = -g + 6. Let y be ((-6)/(-4) - 1)*-6. Let b(s) = -s**3 - 3*s**2 - 2*s - 4. Let x be b(y). Let o be (x - (4 + -2))/(-1). Give c(o).
6
Let m(c) = 10*c**3 - 4*c**2 - 6*c + 11. Let n(u) = -10*u**3 + 3*u**2 + 5*u - 9. Let y(p) = -5*m(p) - 6*n(p). Give y(1).
11
Let r(s) = -s**2 - 9*s - 3. Let n(t) = -t. Let j(o) = -3*n(o) + r(o). Let c be ((-8)/4)/(3/(-24)). Suppose -4*w - 2*l = -2*w, 2*l - c = 2*w. Give j(w).
5
Let l(u) = 2*u**3 + 2*u**2 - u + 1. Let b(i) = -2*i**3 + 14*i**2 - 2*i + 12. Let z be b(7). Calculate l(z).
-5
Let f be 4/(-14) + (-6)/(-21). Let g(l) = -l**2 - 3 + 2*l**2 + 0*l + f*l. Give g(-3).
6
Let i(l) = -l**3 + 3*l**2 - 1. Let z be i(1). Let n(a) = 0 - 2*a**2 - 1 + 2*a - a**2. Determine n(z).
-2
Let h = -4 - -6. Let l(q) = 3*q**2 + 2 - 3*q - 3*q**2 - h*q**2 + 3*q**2. Calculate l(4).
6
Let x(l) = 4*l**3 + 1. Let f(k) = -k**2 - 10*k + 5. Let d be f(-10). Suppose z - 4*q + 1 = 19, 5*q + 30 = d*z. Suppose z*b - 1 - 1 = 0. Give x(b).
5
Let w(x) be the first derivative of -x**2 + 5*x - 1. Suppose -35*m = -39*m + 20. Determine w(m).
-5
Let m = -16 + 19. Let s(o) be the second derivative of -m*o - 1/2*o**3 + 0 + 3/2*o**2. Calculate s(2).
-3
Let o(c) = c**2 - 7*c - 9. Let s be (12/(-36))/((-1)/27). Give 